test common divisor of 10 and v?
10
Suppose 4*d - 17 = 51. Let h = 2 - -5. Suppose -4*q - 5*k = -602, -5*k = q - h - 136. Calculate the highest common divisor of d and q.
17
Let y(s) = s**2 - 2*s - 4. Let x be y(6). Suppose -g = 2*d - 2*g - 360, 4*d - 720 = 3*g. What is the greatest common factor of d and x?
20
Let r(p) = 6*p**3 - 4*p**2 + 7*p - 4. Let t be r(2). Let m(h) = h**3 + h**2 + 2*h - 2. Let v be m(2). What is the greatest common divisor of t and v?
14
Suppose 5*q - 3*c - 31 = -c, -q + 5*c - 3 = 0. Suppose -2*h + q = -1. Suppose h*z + 9 = 21. Calculate the greatest common factor of z and 12.
3
Let q = 19 - 4. What is the highest common factor of 60 and q?
15
Suppose 0 = -4*v + 32 + 28. What is the highest common divisor of v and 15?
15
Let b(o) = o**3 + o**2 + 4. Let m be b(0). Suppose 5*i = 3*l + i - 26, m*l - 26 = i. What is the highest common divisor of l and 4?
2
Let p be ((-88)/(-33))/((-4)/(-6)). Let h = -30 + 42. What is the highest common factor of h and p?
4
Let b = 2 - 0. Suppose -b*g - 2 = 4. Let k be (9/12)/(g/(-36)). What is the highest common factor of 3 and k?
3
Let w = -10 + 15. Suppose 2*i = m + 105, i + i + 3*m - 101 = 0. Suppose -2*c = -w*o + 50, -4*c - i = -o - 3*o. What is the highest common factor of 1 and o?
1
Let s(j) = j**3 - 6*j**2. Let d be s(6). Suppose 0*t - 3*t = -4*m - 288, -3*t - 2*m + 288 = d. What is the greatest common factor of t and 12?
12
Let n(t) = t - 1. Let y be n(11). What is the highest common factor of y and 15?
5
Suppose -6 = -5*z + 2*z. Suppose 32 = z*k - s - 29, 0 = -s + 3. Calculate the greatest common divisor of k and 4.
4
Let h(s) = -s**2 - 5*s + 10. Let o be h(-8). Let v be (-452)/o + (-10)/35. What is the greatest common divisor of v and 16?
16
Let k(u) = 16*u - 1. Let x be k(4). What is the greatest common divisor of 21 and x?
21
Let l(u) = 9*u**2 + 4*u. Let k be l(-1). What is the greatest common factor of k and 35?
5
Let j be (-1 + -44)*(-18)/5. Calculate the highest common factor of 18 and j.
18
Let h be (7/(-2))/(2/(-4)). Suppose 6*m = 103 + 191. Calculate the greatest common divisor of h and m.
7
Let p be (-4)/10 + (-772)/(-5). Let j be -2*(3 + -2) + 16. What is the highest common factor of p and j?
14
Let l be (-4 - -2)/((-4)/2). Suppose -5*k + 60 = -k. Let o = -6 + k. What is the greatest common divisor of o and l?
1
Let h(u) = 3*u - 11. Let i be h(9). What is the greatest common divisor of 48 and i?
16
Let w = 78 - 76. What is the highest common factor of w and 6?
2
Suppose -3*x = x - 20. Let z(q) = 3*q - 6. Let w be z(x). Calculate the greatest common divisor of 36 and w.
9
Suppose -2*b + 10 = 0, 4*s - b = s + 64. Calculate the highest common divisor of 23 and s.
23
Let h(k) = -4*k. Let o be h(-2). Let d be (o - 1)/(8/8). Calculate the greatest common factor of d and 63.
7
Suppose -112 = 4*s - 8*s. Let d = 22 - 11. Let w = -7 + d. Calculate the greatest common divisor of s and w.
4
Let g = -22 - -13. Let t be 186/g + (-8)/(-12). Let h be (-53)/(-5) + (-8)/t. Calculate the highest common factor of h and 44.
11
Let q = 10 + 30. Let n = 7 + -5. Suppose -3*x + 60 = 5*t, -2*t = n*x - 5*x + 60. Calculate the highest common divisor of x and q.
20
Let u(o) = -4 - 10 + 13 - 19*o**3. Let a be u(-1). What is the greatest common divisor of 18 and a?
18
Suppose -4*s = 12, -s - 47 = -3*a - a. What is the highest common divisor of a and 77?
11
Suppose 2*i - 6*i = -12. Suppose q - i*q = -192. Suppose 2*n - 42 = -4*j + 5*n, -32 = -3*j + 2*n. What is the greatest common divisor of q and j?
12
Let n(u) = -u**2 + 9*u - 9. Let o be n(7). Let x = o + 17. Let s = x + -12. What is the highest common factor of 50 and s?
10
Let p be (-70)/6 + (-16)/(-24). Let c = -4 - p. What is the highest common factor of c and 63?
7
Suppose y - 4 = -t, -3*y + 3 + 7 = 2*t. Suppose 0 = 3*a + 4*q - 227 + 59, 0 = -2*a - t*q + 112. What is the greatest common factor of a and 14?
14
Let p = 8 + 14. What is the greatest common factor of 88 and p?
22
Suppose -232 = -2*o + h, 4*o - 4*h = -0*o + 460. What is the greatest common factor of 13 and o?
13
Let g(c) = -3*c + 3. Let d be g(6). Let j be (-275)/d + (-1)/3. Calculate the greatest common factor of j and 90.
18
Suppose 3*u - 3*g = -u - 20, g - 10 = 3*u. Let c be (-68)/(-20) - u/(-5). Suppose -x + 26 = -4. What is the highest common factor of x and c?
3
Let w be 6/1 - (3 - 1). Let i be w/(-12) + 20/6. Suppose i = 3*j - 24. What is the highest common factor of 9 and j?
9
Let w be (-407)/(-4) + (-25)/(-100). What is the greatest common divisor of w and 6?
6
Suppose r - 50 = 34. Let l = r + -59. Calculate the highest common divisor of 10 and l.
5
Suppose 0 - 6 = -3*k. Suppose -k*a + a + 88 = 0. What is the greatest common divisor of 11 and a?
11
Suppose 0*c - 4*c = -3*d + 25, 2*d - 14 = 2*c. Suppose 16 = 4*n - 0. Suppose -3*f - n = -5*f. Calculate the greatest common divisor of f and d.
1
Let r(a) = -14*a - 9. Let k be r(-2). Calculate the greatest common divisor of 38 and k.
19
Let x(t) = t**2 + 2*t - 16. Let q be x(-6). Calculate the highest common factor of 8 and q.
8
Let w = 161 + -80. Let q = 10 - 1. Calculate the greatest common divisor of w and q.
9
Suppose -3*j = 3*b - 351, 3*j = -13*b + 8*b + 585. Calculate the highest common divisor of b and 18.
9
Suppose -2*p + 0*v = v - 145, 0 = -2*p + 4*v + 120. Calculate the greatest common factor of p and 14.
14
Suppose 0*a + 5*a = 15. Suppose -5*l - a*k + 822 = 0, -4*k = l - 5*l + 632. What is the greatest common divisor of 18 and l?
18
Let q(p) = -p - 4. Let u be q(-8). Let b = u - -7. Calculate the greatest common divisor of b and 11.
11
Let v(w) = -3*w - 6. Let g be v(-8). Let o be (-212)/(-18) - (-4)/g. Suppose 15 = 3*m - 39. Calculate the highest common divisor of m and o.
6
Suppose -5*y + 2*r - 1359 = 0, 0 = 2*y - 5*r - 24 + 576. Let u = 384 + y. Suppose 4*t - 559 - u = 0. What is the highest common factor of t and 21?
21
Suppose 3 = 4*m - 5. Let q be m/(-6) + (-39)/(-9). Suppose q*a - 1 = 11. Calculate the highest common divisor of a and 18.
3
Suppose 11 = 4*l - 17. Calculate the highest common factor of 77 and l.
7
Suppose 0 = 9*x - 662 - 193. Calculate the highest common divisor of 19 and x.
19
Suppose 4*d - 67 - 169 = -2*h, 3*d - 345 = -3*h. Suppose 0 = v + 3, -5*a + 29 = 2*v. Suppose j = 9 + a. Calculate the greatest common divisor of h and j.
16
Let d(z) = 8*z + 40. Let j be d(6). Calculate the highest common factor of 11 and j.
11
Let d(w) = 6 + 0*w - 2*w + w. Let j be d(8). Let p be 1/(1/j) + 83. Calculate the highest common divisor of p and 9.
9
Let i(q) = -q**3 - q**2 - 2. Let k be i(-2). Suppose -2*u + 2 + k = 0. Let p be ((-77)/u)/((-2)/4). Calculate the highest common divisor of p and 11.
11
Suppose -2*g + 56 = -6*g. Let a = g + 34. What is the greatest common factor of 4 and a?
4
Suppose 35 - 210 = -5*k. Suppose -w = 2*w - 36. Let i be (-28)/w*(-3)/1. Calculate the highest common divisor of k and i.
7
Suppose 12 = -5*c + 11*c. What is the greatest common divisor of 5 and c?
1
Suppose 132 = 5*r - 5*c - 98, -2*r + 3*c = -92. Suppose 5*i - 29 = -5*b + r, -b - 5*i + 27 = 0. Calculate the greatest common factor of 48 and b.
12
Let p = -13 - -27. Suppose -22 = -3*w + p. What is the highest common factor of 30 and w?
6
Suppose 0 = -3*h + 108 + 72. What is the highest common divisor of 20 and h?
20
Let n(o) = -o**3 - 6*o**2 - 5*o + 11. Let p be n(-5). Calculate the greatest common divisor of 121 and p.
11
Suppose 0 = 5*n - 15 - 0. Suppose -n*f = -f - 24. What is the greatest common divisor of f and 6?
6
Suppose -8*m + 6*m = -48. What is the highest common factor of m and 264?
24
Suppose -10 = 2*s - 110. Suppose -130 = 144*f - 157*f. What is the highest common divisor of s and f?
10
Suppose 0 = 6*i - 4*i - 10. Calculate the highest common divisor of 45 and i.
5
Let s(u) = -u**3 - 10*u**2 - 9*u + 4. Let k be s(-9). Suppose -k*d = 8, -w - 2*d = -3*w + 88. Calculate the greatest common divisor of w and 28.
14
Let m(z) = z - 2 + z**2 - 1 - 4*z. Let q be m(6). Suppose 248 = 12*c + 68. Calculate the greatest common factor of c and q.
15
Let d be -107 - (0/2 - 1). Let c = -56 - d. Calculate the greatest common factor of 20 and c.
10
Let y(j) = 2*j - 1. Let i be y(-1). Let n be (i - -1)/((-2)/60). Calculate the grea